{"id":39430,"date":"2026-08-30T12:01:39","date_gmt":"2026-08-30T12:01:39","guid":{"rendered":"https:\/\/gugadzina.rs\/?post_type=product&#038;p=39430"},"modified":"2026-08-31T12:03:13","modified_gmt":"2026-08-31T12:03:13","slug":"kecelja-cvet","status":"publish","type":"product","link":"https:\/\/gugadzina.rs\/en\/prodavnica\/aksesoari\/kecelja-cvet\/","title":{"rendered":"Kecelja Cveta"},"content":{"rendered":"<h3 class=\"PDq2pG_selectionAnchorContainer\" data-section-id=\"1qmi99p\" data-start=\"0\" data-end=\"16\">Kecelja Cveta<\/h3>\n<p data-start=\"18\" data-end=\"76\">Mala cvetna kecelja za velike igre i jo\u0161 ve\u0107e ma\u0161tanje.<\/p>\n<p data-start=\"78\" data-end=\"421\">Cvet je osmi\u0161ljen kao <strong data-start=\"100\" data-end=\"116\">modni detalj<\/strong>, a ne samo kao kecelja,\u00a0 mo\u017ee da se nosi preko haljine, majice ili pantalona i da svakom outfitu doda malo razigranosti. Gornji deo u obliku cveta i lepr\u0161avi til stvaraju siluetu koja podse\u0107a na mali kostim, pa je Cvet spreman za igru, ples, vrtenje i sve one de\u010dje trenutke kada ode\u0107a postaje deo ma\u0161te.<\/p>\n<p data-start=\"423\" data-end=\"506\">Kombinovana je od razli\u010ditih materijala, a vezivanje omogu\u0107ava lako prilago\u0111avanje.<\/p>\n<p data-start=\"508\" data-end=\"665\" data-is-last-node=\"\" data-is-only-node=\"\"><strong data-start=\"508\" data-end=\"557\">Univerzalna veli\u010dina \u2013 od 3 godine pa navi\u0161e.<\/strong><br data-start=\"557\" data-end=\"560\" \/>Komad koji ne mora da \u010deka posebnu priliku,\u00a0 dovoljno je vezati Cvet i obi\u010dan dan postaje malo posebniji.<\/p>\n","protected":false},"excerpt":{"rendered":"<p>Kecelja Cveta Mala cvetna kecelja za velike igre i jo\u0161 ve\u0107e ma\u0161tanje. Cvet je osmi\u0161ljen kao modni detalj, a ne samo kao kecelja,\u00a0 mo\u017ee da se nosi preko haljine, majice ili pantalona i da svakom outfitu doda malo razigranosti. Gornji deo u obliku cveta i lepr\u0161avi til stvaraju siluetu koja podse\u0107a na mali kostim, pa [&hellip;]<\/p>\n","protected":false},"featured_media":39435,"comment_status":"open","ping_status":"closed","template":"","meta":[],"product_brand":[],"product_cat":[18,20,21],"product_tag":[],"class_list":["post-39430","product","type-product","status-publish","has-post-thumbnail","product_cat-aksesoari","product_cat-devojcice","product_cat-oprema-za-maskenbale","first","instock","shipping-taxable","purchasable","product-type-simple"],"_links":{"self":[{"href":"https:\/\/gugadzina.rs\/en\/wp-json\/wp\/v2\/product\/39430","targetHints":{"allow":["GET"]}}],"collection":[{"href":"https:\/\/gugadzina.rs\/en\/wp-json\/wp\/v2\/product"}],"about":[{"href":"https:\/\/gugadzina.rs\/en\/wp-json\/wp\/v2\/types\/product"}],"replies":[{"embeddable":true,"href":"https:\/\/gugadzina.rs\/en\/wp-json\/wp\/v2\/comments?post=39430"}],"wp:featuredmedia":[{"embeddable":true,"href":"https:\/\/gugadzina.rs\/en\/wp-json\/wp\/v2\/media\/39435"}],"wp:attachment":[{"href":"https:\/\/gugadzina.rs\/en\/wp-json\/wp\/v2\/media?parent=39430"}],"wp:term":[{"taxonomy":"product_brand","embeddable":true,"href":"https:\/\/gugadzina.rs\/en\/wp-json\/wp\/v2\/product_brand?post=39430"},{"taxonomy":"product_cat","embeddable":true,"href":"https:\/\/gugadzina.rs\/en\/wp-json\/wp\/v2\/product_cat?post=39430"},{"taxonomy":"product_tag","embeddable":true,"href":"https:\/\/gugadzina.rs\/en\/wp-json\/wp\/v2\/product_tag?post=39430"}],"curies":[{"name":"wp","href":"https:\/\/api.w.org\/{rel}","templated":true}]}}

<h3 class="PDq2pG_selectionAnchorContainer" data-section-id="1qmi99p" data-start="0" data-end="16">Kecelja Cveta</h3>
<p data-start="18" data-end="76">Mala cvetna kecelja za velike igre i još veće maštanje.</p>
<p data-start="78" data-end="421">Cvet je osmišljen kao <strong data-start="100" data-end="116">modni detalj</strong>, a ne samo kao kecelja,  može da se nosi preko haljine, majice ili pantalona i da svakom outfitu doda malo razigranosti. Gornji deo u obliku cveta i lepršavi til stvaraju siluetu koja podseća na mali kostim, pa je Cvet spreman za igru, ples, vrtenje i sve one dečje trenutke kada odeća postaje deo mašte.</p>
<p data-start="423" data-end="506">Kombinovana je od različitih materijala, a vezivanje omogućava lako prilagođavanje.</p>
<p data-start="508" data-end="665" data-is-last-node="" data-is-only-node=""><strong data-start="508" data-end="557">Univerzalna veličina – od 3 godine pa naviše.</strong><br data-start="557" data-end="560" />Komad koji ne mora da čeka posebnu priliku,  dovoljno je vezati Cvet i običan dan postaje malo posebniji.</p>

<p>Kecelja Cveta Mala cvetna kecelja za velike igre i još veće maštanje. Cvet je osmišljen kao modni detalj, a ne samo kao kecelja,  može da se nosi preko haljine, majice ili pantalona i da svakom outfitu doda malo razigranosti. Gornji deo u obliku cveta i lepršavi til stvaraju siluetu koja podseća na mali kostim, pa [&hellip;]</p>
